 + -4)/((-3)/30*1). Let i = 35 - t. Let w(y) = -y**3 - 5*y**2 - 4*y + 6. What is the tens digit of w(i)?
2
Let w(v) = v**2 + 14*v + 37. Let z be w(-11). Let x(q) = 32*q**2 - q + 16. What is the units digit of x(z)?
4
Let b(y) = 2807*y - 3957. What is the thousands digit of b(28)?
4
Let v(k) = -42*k**2 - 77*k. Let x(n) = n. Let s(f) = -2*v(f) - 154*x(f). Let j be s(-1). Let q = j - 68. What is the units digit of q?
6
Let h = 20 - 16. Suppose h*b = g + 24 - 7, -3*g + 14 = b. Suppose 0 = g*f - 2*u - 374, f - 96 = u + 30. What is the tens digit of f?
2
Let t(w) = w**3 - 16*w**2 - 37*w + 12. Let k be t(18). Let i(n) = -3*n + 7. What is the tens digit of i(k)?
2
Let o = -3 - 224. Let f = 153 - o. What is the hundreds digit of f?
3
Let r(t) = 17*t**3 - 15*t**2 - 80*t - 66. Let o(l) = 6*l**3 - 5*l**2 - 27*l - 22. Let u(v) = -11*o(v) + 4*r(v). What is the tens digit of u(9)?
2
Suppose 0 = 8*m - 16 - 8. Suppose -m*g + g - u = -1777, 0 = 3*g - 2*u - 2683. What is the hundreds digit of g?
8
Suppose -5*k = 5*k - 8930. Let a = k - 471. What is the hundreds digit of a?
4
Suppose -2*y = -3*k - 2, 4 = -4*k + 2*y + y. Suppose -12 = 4*o - 8*o. Suppose i - k*j - 36 = 0, o*i + j = 8*i - 225. What is the units digit of i?
6
Suppose 4*n = 5*n + 4*n. Suppose 0 = -4*v - 4, 11 = -c - n*v - 4*v. Let i(f) = -2*f**3 - 8*f**2 + 18*f + 7. What is the tens digit of i(c)?
7
What is the units digit of 56072 + (8/(-20) - (39/15 + -5))?
4
Suppose 1317*y = 1296*y + 935130. What is the units digit of y?
0
Let o(z) = 11*z - 7. Let g(a) = -a**3 - 14*a**2 + 15*a + 8. Let x = 36 - 51. Let q be g(x). What is the units digit of o(q)?
1
Let q(r) = 1011*r - 7254. What is the thousands digit of q(34)?
7
Let l(z) = -z**3 + 8*z**2 - 5*z - 14. Let m(j) = -j - 1. Let q(r) = l(r) - 5*m(r). Let x be q(8). What is the hundreds digit of (-1)/x - 2751/(-27)?
1
Let k(t) = -7*t - 179. Let w be k(-26). Suppose 7*j - w*p = 8*j - 1681, -10 = 2*p. What is the hundreds digit of j?
6
Suppose q + 5 = 2*b, 3*b + 0*b - 35 = -4*q. Suppose q = -o, 3*y + 15*o - 1394 = 19*o. What is the tens digit of y?
5
Suppose 3*s = 0, 8 = -0*c - c - 3*s. Let j(p) = -2*p**3 - 7*p**2 + 11*p - 4. What is the hundreds digit of j(c)?
4
Suppose v + 17 = 11. Let g(f) = f**3 + 5*f**2 - 10*f - 25. Let q be g(v). Let b(d) = -282*d**3 - 2*d**2 - 2*d - 1. What is the units digit of b(q)?
1
Let h(m) = 639*m**2 + 63*m + 175. What is the units digit of h(-5)?
5
Suppose 93 - 3 = 5*t - 3*p, 0 = 4*p - 20. Let j be -60*(-7)/(t/8). Suppose q + 4*q + 5*h = j, -2*q + 4*h = -70. What is the units digit of q?
3
What is the hundreds digit of -14939*(-16 + 16 - 4/(-10))*-5?
8
Suppose 10 = -5*s + 10*s. Let i be s/2 - (5 + -5 + 401). What is the tens digit of i/(-2)*2/2?
0
Suppose 238*y = 428*y - 7672390. What is the units digit of y?
1
Let q = -590 + 592. Suppose 2*x - 2337 = 3*m, -q*x + 34*m - 38*m + 2316 = 0. What is the thousands digit of x?
1
Suppose w + 3 - 5 = 0. Suppose -4*n = -15*n + 22. Suppose -r = 2*d + w*d - 343, n*d = -3*r + 179. What is the tens digit of d?
8
Suppose 3*n + a = -30 + 44, 0 = -2*n + 4*a. Suppose 4*w - 5*o = -o + 2652, 3*w - 1991 = n*o. What is the units digit of w?
1
Suppose 0 = 2*g - 4*d - 32, -2*d = 3*g - 6*d - 42. Suppose -g = -2*a + 3*o, 5*a + 4*o = 2 - 0. What is the units digit of (-3582)/(-99) + a/(-11)?
6
Let q = 63 + -61. Suppose -q*u = -3*u - 2*j + 568, 2*u = 4*j + 1120. Suppose -u = 10*h - 14*h. What is the hundreds digit of h?
1
Suppose 0 = 8*m - m + 21. Let r be m + 1 + 2 + (0 - 216). Let k = r - -307. What is the tens digit of k?
9
Suppose -652 = -3*b + 2*a, -2*b - b - 3*a + 672 = 0. Let l = b + -104. What is the hundreds digit of l?
1
Suppose -11*y - 247 - 4043 = 0. What is the tens digit of 2/15 - 388778/y?
9
Suppose 2*z + 5*s + 439 = 0, z + 2*z + 3*s = -681. What is the hundreds digit of (z/20)/(2/(-180))?
0
Suppose -1936*o + 2*m + 11944 = -1935*o, -5*o = -2*m - 59688. What is the tens digit of o?
3
Let k = 13008 + 4544. What is the tens digit of k?
5
Suppose -385168 = 3*h - 4*c, 6*c = 5*h + 2*c + 641944. What is the units digit of 4/26 - h/338?
0
Suppose 11*k = -44 + 275. Suppose -2*t + k = 3. What is the units digit of t?
9
Suppose -2*a - 6 = -4*f - 10, -3*f - 4*a - 25 = 0. What is the hundreds digit of (5 + (-441)/18)*184/f?
1
Suppose 0*l + 4*n = -2*l + 614, -l + n + 301 = 0. Suppose -551 = j + 3*o - 433, 0 = 5*o + 5. Let c = j + l. What is the hundreds digit of c?
1
Let t(v) be the second derivative of v**5/20 - 11*v**4/6 + 7*v**3/2 - 3*v**2 + 78*v. What is the tens digit of t(22)?
5
Suppose 0 = -12*w + 98 - 14. Suppose -w*y + 117 + 1500 = 0. What is the units digit of y?
1
Suppose -46*x = -4*x + 29*x - 451276. What is the units digit of x?
6
Suppose 0 = l - 3*l + 194. Let c(i) = 50 + 60 - i**3 - l + 10*i**2 + 4*i. What is the tens digit of c(10)?
5
Let l = -16392 + 25248. What is the hundreds digit of l?
8
Let k(j) = 12*j**2 + 29*j + 27. What is the thousands digit of k(-14)?
1
Let g(y) = 369*y + 22. Let u = 393 - 391. What is the hundreds digit of g(u)?
7
Let s(g) = 2*g**2 + 70*g + 3619. What is the units digit of s(-126)?
1
Suppose -8*s + 32 = 0, -3*u - 6*s + 25160 = -4*s. What is the thousands digit of u?
8
Let u be 0/4*2/(-2). Let p(j) = -9*j**2 - 13 + u*j**2 + 0*j**2 + 24*j + 0*j**2 - j**3. What is the tens digit of p(-12)?
3
Let o(m) = -m + 12. Let u be o(9). Suppose 2*w + 11*r - 6*r + 590 = 0, 2*w = -u*r - 594. Let f = w - -576. What is the hundreds digit of f?
2
Let w(q) = 2*q**2 + q - 24. Let f = 400 - 409. What is the units digit of w(f)?
9
Let u = 695 - 365. Let z be u + -2*(-4)/4. Suppose 4*c - 2*t = z, -c - 2 = -2*t - 88. What is the tens digit of c?
8
Suppose 0 = -4*g - 1922 + 7370. What is the hundreds digit of g?
3
Let v(f) = 43*f + 7. Suppose 3*b = 3*z - 7*z + 20, 0 = -b + 4*z - 4. Suppose -b*c = -14 + 10. What is the tens digit of v(c)?
5
Let m = 9 - 7. Suppose -m*q - 514 = 4*g, -3*g + 5*q = -0*q + 366. Let i = g - -185. What is the tens digit of i?
5
Let x = 128 - 125. Let w(d) = 4*d**2 + 2*d + 1. Let s be w(-1). Suppose 3*h - 4*a = 339, h - s*h + x*a = -226. What is the units digit of h?
3
Let l = 95 - 158. Let v = l - -66. Suppose 5*o = 20, 888 = v*z + 2*z + 2*o. What is the units digit of z?
6
Suppose 155 = -25*i - 145. Let z(p) = -35*p + 143. What is the tens digit of z(i)?
6
Let z = -1799 + 1046. Let n = -406 - z. What is the tens digit of n?
4
Let c = 29811 + -15522. What is the ten thousands digit of c?
1
Let b(y) = -y**3 - 5*y**2 + 6. Let p be b(-5). Let g(o) = o**3 - 8*o**2 + 4*o - 9. Let n be g(p). Let z = n + 245. What is the tens digit of z?
8
Let c = 224 - -578. What is the tens digit of c?
0
Suppose -10*z = -20*z + 9920. Let m = z + -567. What is the hundreds digit of m?
4
Let p be (-3)/(-12) - 6/(-8). Let h(m) = 153*m**3 + 2*m**2 - 3*m. Let j be h(p). What is the units digit of (4/(-2) + j)/(15 + -13)?
5
What is the thousands digit of 939/(((-156)/(-1014))/(-2 - (-22)/3))?
2
Let r be 7/(-5) - 6/(-15) - -40. Suppose 17*x + r = -63. What is the units digit of x/6*(-14)/(-3)*-3?
4
Let x be (((-33700)/15)/(-5))/((-4)/(-6)). Let r = x - 404. What is the units digit of r?
0
Suppose -414 = 8*t + 178. Let h = 80 + t. Suppose -h*a = -100 - 794. What is the units digit of a?
9
Let a be 39828/20 + ((-2)/5)/1. Suppose -8*b - a = 2457. Let j = -371 - b. What is the units digit of j?
5
Let a(m) = -940*m - 2602. What is the ten thousands digit of a(-33)?
2
Suppose 2*w + 2*a - 274 = -2*a, -5*a = 15. Let t = w + -137. What is the units digit of t?
6
Suppose t = -2, 31*i - 34*i - 6600 = 3*t. Let l = i - -3288. What is the hundreds digit of l?
0
What is the units digit of 23848/792 + (-8)/(-9)?
1
Let k = -133 - -119. What is the hundreds digit of (398/(-6) - (12 + k))*-3?
1
Suppose 0 = 4*d + 4*x, 12 = 3*d + 3*x - 6*x. Suppose -2*k + 1230 = 4*z, -5*z + k + d*k = -1532. Let t = -166 + z. What is the units digit of t?
1
Suppose -36 = -4*n - 12. What is the units digit of n*(6 + 7/(-2))?
5
Suppose 10*n - 13*n = 0. Suppose n = 4*c - 18 - 2. Suppose -w + 21 = c*g, 102 = 5*w + 2*g - 3. What is the tens digit of w?
2
Suppose -4 = 2*i + 2*a, 5*i + 17 = 7*i - 5*a. Let t(m) = 238*m**3 + m**2 - 3*m + 1. Let j be t(i). Let w = -143 + j. What is the units digit of w?
4
Suppose 2*z - 13670 = -220*